70
What is 2498 (base 13) in base 16?
144b
Convert 1001 (base 8) to base 15.
243
Convert 101101110110 (base 2) to base 14.
10d8
Convert -2364 (base 10) to base 15.
-a79
What is 222 (base 9) in base 10?
182
Convert 3c5b (base 14) to base 6.
121213
What is 12705 (base 8) in base 6?
41445
What is -10530 (base 7) in base 15?
-bcc
What is -324 (base 9) in base 3?
-100211
Convert -2001101 (base 3) to base 11.
-113a
Convert 20233113 (base 4) to base 7.
206241
Convert 212f (base 16) to base 11.
6423
What is 2314 (base 6) in base 7?
1414
What is -10121021 (base 3) in base 9?
-3537
What is -2122 (base 5) in base 3?
-101122
-1262 (base 7) to base 9
-588
What is 437 (base 8) in base 15?
142
-238 (base 16) to base 6
-2344
2963 (base 16) to base 15
3215
Convert -11320302 (base 4) to base 12.
-11b56
Convert 403 (base 7) to base 11.
171
ce (base 15) to base 11
167
Convert 1d6a (base 15) to base 16.
1900
-246 (base 11) to base 16
-124
What is -bc76 (base 13) in base 4?
-12122310
434 (base 10) to base 7
1160
What is 1c1 (base 13) in base 10?
326
What is -46a1 (base 13) in base 6?
-113553
Convert 7e0 (base 16) to base 8.
3740
What is -10001000110 (base 2) in base 8?
-2106
What is 667 (base 9) in base 12?
397
-1002200 (base 3) to base 2
-1100100001
What is 57665 (base 8) in base 13?
b1c9
22318 (base 10) to base 12
10aba
Convert 132120 (base 5) to base 9.
7222
What is 13472 (base 8) in base 13?
2925
-5b4a (base 12) to base 9
-15084
What is -2634 (base 10) in base 7?
-10452
Convert 4000 (base 10) to base 2.
111110100000
12ba (base 16) to base 5
123134
-32223 (base 5) to base 12
-1324
Convert -846 (base 13) to base 2.
-10110000010
What is -115334 (base 8) in base 10?
-39644
12467 (base 9) to base 6
102524
-975 (base 11) to base 16
-493
-c0a (base 13) to base 12
-121a
Convert 112221 (base 4) to base 8.
2651
645 (base 10) to base 13
3a8
What is 198b (base 13) in base 7?
14114
Convert 297 (base 15) to base 14.
304
-1706 (base 11) to base 3
-2222220
-10111100 (base 2) to base 7
-356
What is 2848 (base 16) in base 14?
3a88
Convert -622 (base 10) to base 15.
-2b7
5590 (base 11) to base 3
101002120
Convert -3462 (base 12) to base 4.
-1123022
Convert 384 (base 12) to base 8.
1024
-7994 (base 15) to base 11
-18415
What is -ab03 (base 12) in base 13?
-8784
What is 275 (base 8) in base 7?
360
What is -6a3 (base 12) in base 8?
-1733
Convert 20043 (base 5) to base 16.
4f9
What is -12a30 (base 12) in base 11?
-18315
What is -108370 (base 9) in base 16?
-fea3
What is 1999a (base 11) in base 7?
144050
What is -5501 (base 6) in base 16?
-4ed
Convert -1500 (base 11) to base 5.
-30221
What is -296a (base 13) in base 5?
-143003
What is -1b77 (base 14) in base 9?
-6771
2a31 (base 15) to base 2
10001101010110
Convert 19fb (base 16) to base 4.
1213323
-7245 (base 14) to base 7
-111215
What is 21202 (base 3) in base 7?
416
Convert -33131 (base 4) to base 15.
-45e
Convert 1300 (base 7) to base 9.
604
2002 (base 3) to base 11
51
120010 (base 4) to base 16
604
-16 (base 11) to base 13
-14
Convert -7240 (base 8) to base 12.
-2200
Convert -474 (base 16) to base 8.
-2164
-477 (base 10) to base 2
-111011101
What is -267 (base 9) in base 11?
-193
26896 (base 10) to base 16
6910
-18967 (base 11) to base 10
-26451
Convert -11055 (base 6) to base 8.
-3013
100101111100111 (base 2) to base 12
b2b3
Convert 2400 (base 6) to base 11.
484
Convert 44 (base 11) to base 15.
33
Convert -4054 (base 9) to base 13.
-1471
What is -102112121 (base 3) in base 10?
-8413
What is c006 (base 13) in base 9?
40150
What is d606 (base 14) in base 3?
1212112222
1a43 (base 11) to base 7
10355
2046 (base 7) to base 2
1011010000
What is -10021011012 (base 3) in base 6?
-1213305
What is -10101211 (base 3) in base 5?
-34404
Convert d1b6 (base 16) to base 7.
312343
Convert 152 (base 13) to base 11.
1a5
23270 (base 8) to base 11
74a1
57099 (base 11) to base 3
11012100101
Convert 101303 (base 4) to base 9.
1505
-145314 (base 6) to base 5
-423113
What is 794 (base 12) in base 15?
4ea
-3550 (base 6) to base 4
-31122
Convert dbd (base 14) to base 10.
2715
What is 1415 (base 6) in base 14?
1c7
Convert -ff2 (base 16) to base 4.
-333302
Convert 1085 (base 9) to base 5.
11211
Convert -a87 (base 11) to base 16.
-519
Convert -201220 (base 3) to base 11.
-449
What is -3a1 (base 16) in base 7?
-2465
Convert 321111 (base 4) to base 11.
2836
30221 (base 9) to base 12
b5b4
Convert 162546 (base 7) to base 4.
13312302
-669 (base 14) to base 15
-599
Convert 93e (base 15) to base 4.
200210
-d5 (base 16) to base 9
-256
What is -1015 (base 6) in base 9?
-272
101012 (base 3) to base 11
230
What is -56b4 (base 12) in base 10?
-9640
What is 678 (base 13) in base 5?
13423
What is -14621 (base 8) in base 9?
-8872
-1010001011111101 (base 2) to base 7
-232435
What is 37867 (base 10) in base 11?
264a5
What is -643 (base 9) in base 4?
-20031
-153 (base 16) to base 11
-289
What is 4e18 (base 15) in base 14?
610d
What is -157b (base 13) in base 6?
-22320
23021 (base 4) to base 13
42b
-60a (base 12) to base 13
-523
-23302 (base 4) to base 9
-1027
-15064 (base 10) to base 5
-440224
What is 2000121120 (base 3) in base 13?
15177
Convert 1805 (base 15) to base 5.
131210
20200020 (base 3) to base 8
11402
Convert -1430222 (base 5) to base 7.
-153434
-1120000 (base 3) to base 5
-14014
Convert -12438 (base 9) to base 5.
-232003
Convert -237 (base 8) to base 15.
-a9
Convert 3302 (base 4) to base 7.
464
What is -10010001110110 (base 2) in base 9?
-13721
733 (base 14) to base 6
10321
-8a1 (base 13) to base 3
-2000221
1542 (base 6) to base 15
1d2
What is -5376 (base 14) in base 9?
-21683
What is -3301 (base 5) in base 14?
-243
Convert -1031 (base 9) to base 14.
-3c1
What is 213304 (base 5) in base 10?
7329
Convert 4530 (base 6) to base 12.
746
-32201203 (base 4) to base 5
-3400431
What is -24432 (base 5) in base 6?
-12351
-2134 (base 6) to base 4
-13222
Convert -22011021 (base 3) to base 6.
-43311
What is 7532 (base 10) in base 3?
101022222
81447 (base 9) to base 3
2201111121
What is -1110100001100000 (base 2) in base 11?
-40770
Convert 10010110111100 (base 2) to base 14.
3740
Convert 2857 (base 9) to base 2.
100001101110
74371 (base 8) to base 11
212a4
What is 1aa (base 16) in base 15?
1d6
-1001022222 (base 3) to base 2
-101000010101110
Convert -11010001101001 (base 2) to base 9.
-20357
What is -291 (base 13) in base 2?
-111001000
-1cbc (base 14) to base 10
-5262
21211 (base 3) to base 4
3103
What is -b558 (base 12) in base 6?
-231352
What is 3624 (base 9) in base 15?
bea
What is 102356 (base 7) in base 15?
538b
Convert 831 (base 12) to base 16.
4a5
Convert -a2fc (base 16) to base 14.
-112c4
What is 2147 (base 11) in base 16?
b12
24169 (base 11) to base 3
1202201222
Convert 1a227 (base 13) to base 8.
143326
48a (base 12) to base 13
406
26a6 (base 11) to base 5
103004
What is -112010012 (base 3) in base 10?
-10292
What is 2113310 (base 4) in base 11?
7333
What is 404 (base 13) in base 14?
368
What is 12001120 (base 3) in base 14?
14b5
-3665 (base 9) to base 14
-dd2
Convert -12 (base 3) to base 5.
-10
Convert 120222 (base 3) to base 8.
657
-33201 (base 4) to base 2
-1111100001
What is -12753 (base 9) in base 4?
-2012322
What is -399 (base 16) in base 13?
-55b
Convert 12203222 (base 4) to base 12.
13662
Convert -184 (base 16) to base 5.
-3023
2414 (base 5) to base 10
359
What is -312 (base 13) in base 4?
-20022
What is -2772 (base 15) in base 6?
-103012
11 (base 11) to base 4
30
What is -18a4 (base 12) in base 2?
-101110111100
What is 863 (base 15) in base 11?
1471
What is 2404 (base 13) in base 15?
1784
Convert 3123000 (base 4) to base 6.
144520
Convert -52551 (base 6) to base 15.
-219d
8192 (base 13) to base 14
6720
-12763 (base 9) to base 13
-3c1b
Convert -4560 (base 13) to base 3.
-111022200
Convert 1110111 (base 2) to base 16.
77
What is 378b (base 15) in base 3?
121020012
Convert -386 (base 15) to base 9.
-1080
-2977 (base 11) to base 9
-5231
-1101010111 (base 2) to base 4
-31113
What is -3201113 (base 4) in base 12?
-841b
Convert -10052 (base 7) to base 15.
-ac8
What is 11e4 (base 15) in base 10?
3814
What is -c60 (base 15) in base 9?
-3740
What is -1bd8 (base 14) in base 10?
-5090
Convert -333223 (base 4) to base 15.
-131a
101123030 (base 4) to base 13
26642
-5365 